e the prime factors of y?
7, 617
Suppose 3*w + 3*y = 108810, 96*w + 181350 = 101*w + 2*y. What are the prime factors of w?
2, 3, 5, 13, 31
Suppose 5*n = 20, -6*s + n = -s + 19. Let i be 27/(1/(s - -2)). What are the prime factors of (2 + 21/(-6))*(i - -1)?
3, 13
Let i(l) = l**2 + 15*l + 24. Let o be i(-2). List the prime factors of 1334/87*(-60)/o.
2, 5, 23
Let l(j) = -95*j**3 - 2*j**2 + 3*j + 1. Let c be l(-3). Suppose 319 = -6*y + c. Suppose -y = -4*f - 150. What are the prime factors of f?
5, 11
Let z = 402 + -400. Suppose z*y - 1655 = 1623. List the prime factors of y.
11, 149
Let f be (-200)/15*(-11403)/(-12). List the prime factors of f/(-8) + 48/(-64).
1583
List the prime factors of 380/(-3610) + ((-1459356)/(-38) - -1).
5, 7681
Suppose -144*x + 342 = -141*x. Suppose -1177 = -4*m + 3*f, 2*m - x - 481 = -5*f. List the prime factors of m.
5, 59
Let y = -12637 - -23072. List the prime factors of y.
5, 2087
What are the prime factors of (450/(-180))/(1/(-13820))?
2, 5, 691
Let o(y) = -459*y - 937. What are the prime factors of o(-20)?
8243
Let h be (-2)/(-4)*124*(-3 + 100). Suppose 2036 = 7*w - h. List the prime factors of w.
2, 5, 23
Suppose -19 - 191 = -30*o. What are the prime factors of -2*3174/(-12) - o?
2, 3, 29
Let n = -25720 - -45449. List the prime factors of n.
109, 181
Let f be 52318/42 - (-2)/(-3). Let z = -720 + f. List the prime factors of z.
3, 5, 7
Let r = 718 - 710. List the prime factors of ((-128)/168)/r - 11386/(-42).
271
What are the prime factors of 11243 + ((-4)/18 - (12 + 2116/(-207)))?
3, 1249
Suppose -265 = 7*k + 428. What are the prime factors of (-19 - 2)*k/27?
7, 11
Let o = -118 + 130. Let u be 1019*2/o + (-1)/(-6). Suppose 130 = 175*i - u*i. What are the prime factors of i?
2, 13
Let f(m) = -m**3 - 7*m**2 + 5. Let k be f(-7). Suppose -2*x - 8 = -k*v + v, 1 = 3*v + x. List the prime factors of (-65)/(1 + -2) + v.
2, 3, 11
Let w = -1079 + 8039. What are the prime factors of w?
2, 3, 5, 29
Suppose -g - 5*r = -1017, 4945 = 8*g - 3*g - 3*r. Suppose -3*l = -1624 - g. What are the prime factors of l?
2, 109
Suppose -12*h + 33*h - 362208 = -12*h. What are the prime factors of h?
2, 7
Let b(a) = 198*a**2 + 236*a + 3143. List the prime factors of b(-15).
67, 659
Let n(r) = -r**3 + 3*r**2 + 6*r - 6. Let h be n(3). Suppose 2 = m - h. Let a = 50 - m. List the prime factors of a.
2, 3
Let b = 9832 + -7553. List the prime factors of b.
43, 53
Let l(u) be the second derivative of 65*u**4/12 + 7*u**3/2 - 40*u**2 + 338*u. List the prime factors of l(3).
2, 71
Let c(k) = k**2 + 4*k + 2. Let t be c(-7). Let b(d) = -28 + t - 7*d - 26. What are the prime factors of b(-22)?
3, 41
Let p = 2811 - 1583. Suppose 5*q - p = -2*f, q + f - 274 + 29 = 0. What are the prime factors of q?
2, 3, 41
Let l = 617 + -1525. Let c = l - -1332. What are the prime factors of c?
2, 53
Suppose 2*g + 0*t = -3*t + 1, 3*t = -3*g - 3. Let h be (g - 2)*-8 - 4. Let s = h - -28. What are the prime factors of s?
2, 3
Suppose 9*n - 162235 = 373319. What are the prime factors of n?
2, 29753
Suppose 155*s - 153*s - 2685 = 20965. List the prime factors of s.
5, 11, 43
Suppose -9*o - 24252 = -6*o. List the prime factors of 4/(-10) - (o/(-10))/(-1).
2, 101
Let k(r) = -5*r**3 - r**2 + r + 2. Let x be 4/(0 + -1 - 30/(-18)). Suppose -h - x*h - 21 = 0. List the prime factors of k(h).
5
Let c(o) = o**2 + o - 3. Let l be c(-2). Let q be l*1/(-1)*84. Let u = q - 13. List the prime factors of u.
71
Let c(o) = 26*o + 43. Let n be c(20). Suppose -559*d + n*d = 792. What are the prime factors of d?
2, 3, 11
Suppose 0 = -5*b, 0 = -2*r + r + 5*b - 32. Let y = 37 + r. Suppose -y*t - 5*i + 10*i = -275, 6 = 3*i. List the prime factors of t.
3, 19
Suppose -2*s + 2*z + 267 = 41, 0 = 5*z - 20. Let j = 1528 + -1524. Suppose 0 = -j*i + s + 491. List the prime factors of i.
2, 19
Let l(q) = -110*q - 5. Let r be 120/(-56) + 1 + 2/14. List the prime factors of l(r).
3, 5, 7
Let z(p) = -56*p**3 + 13*p**2 + 58*p + 255. List the prime factors of z(-5).
2, 3, 5
Let z(l) = 372*l + 2764. What are the prime factors of z(13)?
2, 5, 19
Suppose -3*c + 2 = -10. Let l(p) = 12*p + 9. Let b be l(c). Let u = -12 + b. What are the prime factors of u?
3, 5
Let l = 10066 - 6156. What are the prime factors of l?
2, 5, 17, 23
Suppose 971 = 3*r + 686. What are the prime factors of (r/(-57))/(-1*3/990)?
2, 5, 11
Let j(h) = 2*h**2 + 76*h + 4060. List the prime factors of j(0).
2, 5, 7, 29
Suppose -5*t + 20 = 5*d, 4*t = 4*d - 30 - 2. Let o be 776/6 + 4/d + 2. Let j = o + -17. List the prime factors of j.
5, 23
Let g = -2419 + 3554. Suppose -6*k - 307 + g = 0. Suppose -3*n + k = -n. List the prime factors of n.
3, 23
Suppose 146*j - 168970 = -55674. What are the prime factors of j?
2, 97
Let j(b) be the first derivative of 19*b**3/3 - 13*b**2/2 - 12*b - 99. What are the prime factors of j(-6)?
2, 3, 5
Let v(s) = 28*s - 944. Let i be v(35). Let q(f) = 27*f**2 + f + 1. Let r be q(-1). Let d = i + r. What are the prime factors of d?
3, 7
Let j be (60/45)/((-4)/6). What are the prime factors of (4/j)/(((-45)/5)/2898)?
2, 7, 23
Let s(o) = 3*o**2 - 3*o - 11. Let j(l) = -14*l - 133. Let v be j(-10). What are the prime factors of s(v)?
5, 23
Let o be 10/45 + (-22)/99. List the prime factors of 0*(-1 + 0 + o) - -695.
5, 139
Let t be ((-315)/10)/((-2)/(-4)). What are the prime factors of 1002/2*35/t*-3?
5, 167
Suppose 5*l = 6*l - 82. Let n(p) = -p**2 - 22*p - 120. Let d be n(-15). Let x = d + l. List the prime factors of x.
67
Let m(y) = 3*y**3 - 5*y**2 + 5*y + 10. Let n be m(-4). What are the prime factors of 7 - 3 - 9 - n?
277
Suppose 26*l - 10397 = 7439. Let u = 1396 - l. List the prime factors of u.
2, 5, 71
Suppose -525*g + 526*g - 63 = 0. Suppose -68*f + 6555 = -g*f. What are the prime factors of f?
3, 19, 23
Suppose -4*t + 11 = -2*d - 1, 0 = 5*d + t - 3. Let x(k) = -2*k**2 + 145 - 13*k**3 + 0*k**2 + 14*k**3 + 2*k. List the prime factors of x(d).
5, 29
Let w be ((-2)/(-8)*0)/((-10)/5). Suppose w = 10*a + 2*a - 3492. List the prime factors of a.
3, 97
Let y(w) = 3*w**2 - 35*w - 14. Suppose 0 = 5*d + m - 88, 2*m = 7*d - 5*d - 28. What are the prime factors of y(d)?
2, 3, 43
Suppose 0 = -3*d - 2*i + 29, 4*i + 4 = 5*d - 15. Let f(g) = -4*g**3 + 16*g**2 + 3*g + 11. Let h be f(d). What are the prime factors of (3 - 2)/(1 + 552/h)?
139
Let u be ((-2)/(-4))/(-1)*0. Let n(t) = -6*t - 61. Let o be n(-11). Suppose -3*m + 804 - 330 = 2*d, -o*m - 3*d + 791 = u. List the prime factors of m.
2, 5
Suppose 5*z - 139 = 3*u, -5*z - 8 = u + 5. Let p = -42 - u. List the prime factors of 1 + (3 - 128/p).
2, 3
Let g(q) = q**3 - 4*q**2 - 7*q - 2. Let x be g(5). Let w be (1 - (-28)/x)*-60. Suppose 2*u - 5*z = 52, 0*u - 2*z + w = 2*u. What are the prime factors of u?
2, 3
List the prime factors of (-5 - (-1281)/147)/((-4)/(-7028)).
2, 13, 251
Suppose -3*o = 519*k - 518*k - 124492, 4*k = o - 41480. List the prime factors of o.
2, 3, 7, 13, 19
Suppose 0 = -4*g + 3*s + 12794, -16*g + 15*g + 3176 = 3*s. List the prime factors of g.
2, 1597
Suppose 14*o + 421 = 3179. Suppose -o = -z - 2*m, 2*z + 253 = 3*m + 640. What are the prime factors of z?
3, 5, 13
Let s be 2/4 + 1705/(-22). Let j = -41 - s. Suppose p + 2*g + j = 4*p, -2*g + 24 = 3*p. What are the prime factors of p?
2, 5
Suppose 39*f - 3590 = -4*b + 36*f, -905 = -b + 3*f. List the prime factors of b.
29, 31
Suppose q + q = 496. Suppose i = -3*i + q. Suppose -24 - i = -s - 4*n, -s + 3*n = -51. What are the prime factors of s?
2, 3, 11
Let y(f) = -13*f + 10 + 5*f + f**3 - 11 + 6*f**2. Let s be y(-7). List the prime factors of (-5)/10 - (-609)/s.
101
Let z(j) be the second derivative of -67*j**3/2 + 37*j. What are the prime factors of z(-4)?
2, 3, 67
Let l = -21578 - -22020. What are the prime factors of l?
2, 13, 17
Suppose 0 = -5*q + 5*k + 196405, 6 = 6*k - 5*k. What are the prime factors of q?
17, 2311
Suppose 10*y + 45975 = -24*y + 39*y. List the prime factors of y.
3, 5, 613
Let w = -18608 - -41514. List the prime factors of w.
2, 13, 881
Let t = -23403 + 39526. List the prime factors of t.
23, 701
Suppose -4*h - 14596 = -2*r, r + 4*h - 7423 = -137. List the prime factors of r.
2, 7, 521
Suppose h = -15*h + 5952. Suppose 9*c - 2253 = -h. List the prime factors of c.
11, 19
Let i(z) = z**3